highest common factor of 4921850 and 2949650.
8650
What is the highest common divisor of 93 and 2096561?
31
What is the highest common factor of 15631 and 292831?
77
Calculate the greatest common factor of 5616406 and 470.
94
Calculate the greatest common factor of 525819 and 9408.
147
What is the greatest common factor of 113 and 105613642?
113
Calculate the highest common divisor of 1275149 and 3097.
163
Calculate the highest common factor of 37864020 and 20460.
1860
What is the highest common factor of 13640 and 784080?
440
What is the greatest common factor of 519636 and 92508?
156
Calculate the highest common divisor of 132870 and 11987970.
1290
What is the greatest common factor of 663966512 and 176?
176
Calculate the greatest common divisor of 730205 and 591325.
1085
Calculate the highest common factor of 12195 and 22511157.
813
What is the highest common factor of 1648 and 2392381?
103
What is the highest common divisor of 25 and 39707575?
25
Calculate the highest common factor of 1746690 and 9.
3
What is the highest common factor of 333333 and 223839?
693
Calculate the greatest common divisor of 17639930 and 482174.
4774
What is the highest common divisor of 22654632 and 65688?
3864
What is the greatest common factor of 62662 and 14952962?
646
What is the highest common divisor of 293242 and 679198?
302
Calculate the highest common factor of 17644458 and 7332.
3666
What is the highest common factor of 70 and 2487503830?
70
Calculate the greatest common divisor of 85522 and 56120.
122
Calculate the highest common divisor of 10906 and 544124.
14
What is the highest common factor of 334367835 and 30?
15
What is the highest common factor of 1590 and 2837?
1
What is the greatest common factor of 150446923 and 7259?
1037
What is the greatest common factor of 105596313 and 2417?
2417
Calculate the highest common divisor of 50450106 and 84.
42
What is the greatest common factor of 52183400 and 39253?
2309
Calculate the highest common divisor of 561290 and 5699.
41
What is the highest common factor of 73059347 and 18580?
929
Calculate the greatest common divisor of 138734 and 169021.
977
What is the highest common factor of 211236 and 1762121?
607
What is the highest common divisor of 2412 and 794821?
67
Calculate the highest common divisor of 2582335 and 665.
35
What is the highest common factor of 55241046 and 36?
18
What is the highest common divisor of 609998 and 2322?
86
Calculate the greatest common factor of 1573292352 and 576.
192
What is the greatest common factor of 30845 and 15580705?
995
What is the greatest common divisor of 40434354 and 7464?
1866
Calculate the highest common factor of 207 and 97765893.
207
What is the greatest common divisor of 156 and 250740750?
78
Calculate the highest common factor of 26602 and 1459714.
566
Calculate the greatest common factor of 685 and 33805.
5
What is the greatest common factor of 3082185 and 146880?
2295
Calculate the highest common divisor of 6383918 and 1888.
118
What is the greatest common factor of 12340 and 360500?
20
What is the greatest common factor of 188436 and 5781?
123
What is the greatest common factor of 17775 and 196947?
711
Calculate the highest common divisor of 241 and 85523429.
241
Calculate the greatest common factor of 2875453 and 656.
41
What is the greatest common divisor of 94 and 1492438?
94
Calculate the greatest common factor of 48877554 and 2937.
2937
Calculate the highest common factor of 26930835 and 3.
3
Calculate the highest common factor of 27 and 13463199.
27
Calculate the highest common divisor of 152676 and 153.
9
Calculate the greatest common divisor of 17376 and 2218512.
48
What is the greatest common divisor of 5383812 and 1344?
84
Calculate the greatest common factor of 1656 and 7395903.
207
What is the highest common divisor of 5392 and 1103308?
4
What is the greatest common divisor of 593300 and 5508?
68
What is the highest common factor of 1610682 and 714?
102
Calculate the greatest common divisor of 630 and 33535890.
90
Calculate the greatest common factor of 1200 and 259875.
75
Calculate the greatest common divisor of 17848 and 119577.
23
Calculate the greatest common factor of 197154300 and 700.
700
Calculate the highest common factor of 99845667 and 639.
639
Calculate the highest common divisor of 19674027 and 9.
9
What is the highest common factor of 264 and 26448?
24
Calculate the highest common factor of 130722 and 16254.
6
Calculate the highest common divisor of 19272753 and 207.
9
What is the greatest common factor of 498 and 55947893?
83
Calculate the highest common factor of 6726 and 1556892.
354
What is the greatest common divisor of 6402 and 88004220?
582
Calculate the highest common factor of 44634 and 8314566.
258
Calculate the highest common factor of 138926409 and 5064.
633
What is the greatest common divisor of 1145326 and 17836?
1274
What is the highest common factor of 258862 and 364794?
746
Calculate the highest common factor of 22926 and 31302.
6
Calculate the highest common divisor of 23427075 and 525.
525
What is the highest common factor of 2080 and 635058320?
1040
Calculate the highest common divisor of 96 and 5309175.
3
What is the greatest common divisor of 828763699 and 5493?
1831
What is the highest common divisor of 1819 and 532325?
107
What is the greatest common factor of 1540 and 7237285?
55
What is the highest common factor of 6079321 and 5917?
61
Calculate the highest common factor of 127507308 and 184.
92
What is the greatest common divisor of 15315426 and 270?
54
What is the highest common divisor of 166716 and 249232?
1684
What is the greatest common factor of 7725012 and 48?
12
What is the highest common divisor of 1436060879 and 11?
11
Calculate the highest common divisor of 40860 and 4160.
20
What is the highest common divisor of 14 and 48094747?
1
What is the highest common factor of 162 and 32182866?
54
What is the highest common factor of 2429170 and 37890?
4210
What is the greatest common divisor of 1575525 and 219450?
525
What is the greatest common divisor of 248655498 and 7476?
3738
What is the greatest common divisor of 684 and 414124?
76
Calculate the greatest common divisor of 1681190 and 16352.
1022
Calculate the highest common factor of 112 and 3834672.
16
Calculate the greatest common divisor of 180 and 2911620.
60
Calculate the highest common divisor of 3556725098 and 1706.
1706
What is the greatest common factor of 63912522 and 1394?
82
What is the highest common divisor of 351 and 2795481?
117
Calculate the highest common divisor of 207 and 3083180751.
207
Calculate the greatest common factor of 284560 and 7224.
8
What is the greatest common divisor of 14080 and 3310120?
440
What is the highest common divisor of 1208 and 157072?
8
Calculate the greatest common factor of 4256514 and 8010.
1602
What is the highest common factor of 63 and 775268193?
21
What is the greatest common factor of 2 and 23429102?
2
What is the highest common divisor of 28977 and 214734?
39
What is the greatest common divisor of 226204838 and 38980?
3898
What is the highest common factor of 11603292 and 1032?
516
Calculate the highest common factor of 634491 and 13617.
153
Calculate the greatest common divisor of 139752 and 5016.
24
What is the highest common factor of 4222221 and 492?
123
What is the highest common factor of 288 and 29563680?
96
Calculate the highest common factor of 28294 and 3842062.
658
What is the greatest common factor of 17502 and 38699839?
2917
Calculate the greatest common divisor of 22522362 and 32274.
978
What is the highest common factor of 1219499 and 5072?
317
Calculate the highest common divisor of 6500308 and 2664.
148
Calculate the greatest common factor of 115752 and 18522.
42
What is the greatest common factor of 577 and 13023467?
577
What is the greatest common factor of 5977 and 1060853?
43
What is the greatest common divisor of 13171054 and 55822?
2938
Calculate the highest common divisor of 821292 and 9.
3
What is the highest common factor of 99 and 18648564?
33
What is the highest common divisor of 43397470 and 10?
10
What is the greatest common factor of 3190979 and 2103211?
2893
Calculate the highest common divisor of 335 and 1029339090.
335
Calculate the highest common 